he highest common factor of z and s.
60
Let b = 379 + -184. Let x = -114 + b. Suppose 5*c + 1 - x = 0. Calculate the greatest common factor of c and 112.
16
Let u = -36545 + 64853. Calculate the highest common divisor of 84 and u.
84
Suppose 4*f = -a + 50986, 3*a - 76 = -58. Calculate the highest common factor of f and 5.
5
Let k(l) = 21*l**2 + 40. Let c be k(6). Suppose 84 = 8*n - c. Calculate the highest common factor of n and 44.
22
Let w be (((-6)/10)/((-24)/(-60)))/(2/(-464)). What is the highest common divisor of w and 1798?
58
Let x = -23 + 113. Suppose 0*n + 5*g = n - x, -g + 90 = n. Calculate the highest common factor of 36 and n.
18
Let d = 39 + 30. What is the greatest common factor of d and 10833?
69
Suppose 0 = -5*d - 2*r + 22090, -8*r + 4415 = d - 7*r. What is the greatest common divisor of 65 and d?
65
Let s(i) = -i - 47. Let t be s(-51). Suppose -16*f + 11*f + 70 = 0. Calculate the greatest common divisor of f and t.
2
Let i = -1587 - -2826. What is the highest common factor of i and 63?
21
Let r be ((-1505900)/340 + 1 + 45/(-51))/(-1). Calculate the greatest common divisor of r and 215.
43
Suppose -12*i + 24*i - 4656 = 0. Let d = -354 + i. Calculate the highest common factor of d and 187.
17
Let l(k) = 253*k**2 + 54*k - 171. Let u be l(3). What is the highest common factor of 56 and u?
28
Let z(m) = m**2 + 9*m + 18. Let b be z(-8). Let a be ((-14)/(-5))/(b/25). Calculate the highest common factor of a and 287.
7
Suppose 0 = 2*f - 208 + 32. Let c = 17 - f. Let p = 76 + c. What is the highest common factor of p and 20?
5
Suppose 17*i - 3610 = 13*i - k, 5*k + 1772 = 2*i. What is the highest common factor of 17 and i?
17
Let t be 2/(4 + -2) - -512. Let c = -227 + t. Suppose -2*r = -0*r - 2*x - 50, -r + 31 = 5*x. What is the greatest common factor of c and r?
26
Let r = 124 + -121. Let d(s) = -s**2 + s + 417. Let n be d(0). Suppose -2*p - r*k = -n, -2*p = 5*k - 263 - 144. What is the greatest common factor of 24 and p?
24
Let w = 8 + -2. Let v be (-696)/(-50) + ((-39052)/(-650) - 60). What is the greatest common divisor of v and w?
2
Let w(a) = 5*a**3 - 42*a**2 - 33*a - 4. Let n be w(11). Calculate the greatest common divisor of n and 90.
18
Let s = 234 + -238. Let l be (-8)/s + -7 + 651. Calculate the greatest common divisor of 17 and l.
17
Suppose -5*h - 3*o = -29, -3*o + 0*o - 27 = -3*h. Let r = -172 + 173. Calculate the highest common divisor of h and r.
1
Suppose -160*n = -99*n - 2013. What is the highest common factor of 23331 and n?
33
Suppose -15 = -5*l + 2*l, l = -4*u + 1329. Let q = u - 198. What is the highest common divisor of 38 and q?
19
Let a = -5471 + 5555. Calculate the highest common factor of 14196 and a.
84
Suppose 2*r - 159 = -s - 107, 3*s + 4*r - 160 = 0. Calculate the highest common factor of 133 and s.
7
Let a = -669 + 775. Let x = 966 - 621. Let h = x + a. Calculate the highest common divisor of h and 41.
41
Let j = 8440 + -8266. Calculate the greatest common factor of 493 and j.
29
Let m be 2950/(-14) - (-8)/(-28). Let x = -151 - m. Calculate the greatest common divisor of 660 and x.
60
Suppose 0 = 29*m + 14*m + 8561 - 45971. What is the highest common factor of 1044 and m?
174
Suppose -13*g = -8*g - 60. Let x be 7/((-42)/(-846)) - 2. Suppose 217 - 32 = 5*s - w, 4*s = -w + x. What is the greatest common divisor of s and g?
12
Let z = 22 - -35. Let t = -2150 - -2321. Calculate the highest common factor of t and z.
57
Suppose -7067 + 18550 - 114833 = -13*n. Calculate the greatest common divisor of n and 636.
318
Suppose -2*g - 19*g = -210. Let m(a) = 3*a - 15. Let v be m(0). Let l be -105*(v/(-20))/((-14)/48). Calculate the highest common divisor of l and g.
10
Let z be (12/18)/(9/2052). Suppose -3*s + z + 52 = -2*g, -3*s - 2*g = -216. Calculate the greatest common divisor of 30 and s.
10
Let q be 126*(-48)/(-616)*11. What is the greatest common divisor of 36 and q?
36
Let k = -122 - -194. Let y(c) = -c**2 + 32*c + 28. Let j be y(22). Suppose 39*i = 8*i + j. What is the greatest common factor of k and i?
8
Let i = -29498 - -31622. Calculate the greatest common divisor of 108 and i.
36
Let d(k) = -24*k + 402. Let i be d(13). Let q(o) = 2*o**2 - 2*o + 5. Let j be q(5). Let t = i - j. What is the highest common divisor of 315 and t?
45
Suppose 60 = -10*p, 2*x + 38 - 376 = 3*p. Calculate the highest common factor of x and 2160.
80
Suppose -2*q - 12 + 428 = 0. Suppose -d = 3*d - q. What is the greatest common factor of d and 260?
52
Let o(g) = -37*g - 37. Let w be o(-9). Suppose w = 8*c - 56. Calculate the greatest common divisor of c and 374.
22
Suppose 81 = 5*d - 2*p - 24, 2*d - 42 = -3*p. Suppose 2*a - d = -v, -3*a = 8*v - 4*v - 89. What is the greatest common divisor of 253 and v?
23
Suppose 0 = -6*j + 125 - 35. Let k(g) = 16*g - 53. Let i be k(j). What is the greatest common divisor of i and 17?
17
Let y = -1429 + 2017. Calculate the highest common factor of 36 and y.
12
Let l be (38/6 + 3)*3. Let w = l + -19. Let j = -953 - -956. What is the highest common divisor of j and w?
3
Suppose -9*y - 8209 + 1171 = 0. Let g = -766 - y. Calculate the greatest common factor of 400 and g.
16
Suppose -258*w + 246*w = -15168. Calculate the highest common factor of 79 and w.
79
Let u(z) = 13*z**2 - 3*z + 18. Let i be u(-4). Let p = i + -234. Calculate the greatest common divisor of 1 and p.
1
Let s(h) = -29*h + 1862. Let z be s(64). What is the greatest common factor of z and 1986?
6
Let d be 2/(-5) - (-1 + 36/10). Let b be (d - -1)/6*-24. What is the highest common factor of b and 7?
1
Let k = 31 + -21. Let g(o) = -o**2 - 23*o - 18. Let p(f) = -18*f**2 - 4*f. Let i be p(1). Let s be g(i). What is the highest common factor of k and s?
2
Let z = 333 - 216. Suppose -8*u + z - 85 = 0. Calculate the highest common divisor of 236 and u.
4
Let t(c) = -2*c**2 + 35. Let g = -25 - -25. Let r be t(g). What is the highest common factor of 10 and r?
5
Let a be 1*-7 - ((-306)/(-204))/((-6)/56). Suppose 3*f - 52 = 11. Let g be 1*1/(1/f). Calculate the highest common factor of g and a.
7
Let p(x) = -2*x**3 - 2*x**2 - 6*x - 9. Let f be p(-2). Suppose f*l - 1089 = -0*l. What is the highest common factor of l and 36?
9
Let w(k) = -135*k - 3671. Let s be w(-62). Calculate the highest common divisor of s and 74.
37
Let f(m) = m**3 + 19*m**2 + 33*m + 51. Let p be f(-17). Let k(w) = -w**3 - 4*w**2 - 2*w - 4. Let l be k(-4). What is the highest common divisor of l and p?
4
Let x(v) be the third derivative of v**4/2 - 22*v**3/3 - v**2 + 31*v. Let h be x(5). What is the greatest common factor of 304 and h?
16
Let k(t) = 2345*t - 457. Let g be k(2). Calculate the greatest common divisor of g and 204.
51
Suppose -24*n = -27*n - 2*u + 122, -2*n - 2*u + 84 = 0. Calculate the highest common factor of n and 4864.
38
Let a = 108 - 67. Let v = a - 17. Let j(u) = -u + 1. Let h be j(-3). What is the greatest common divisor of h and v?
4
Let c(f) = 19*f + 35. Suppose 4*o = -4, -o + 184 = 8*z - 3*z. Let m be c(z). What is the highest common divisor of m and 41?
41
Suppose -70 = -6*j + 182. Suppose 4*m - 188 + 46 = 2*o, -3*m + 5*o = -103. Calculate the greatest common divisor of j and m.
6
Let d be (-2)/3 - 32/(-48). Suppose d = m - 0 + 2. Let r(b) = -7*b**3 - 6*b - 3. Let u be r(m). Calculate the greatest common divisor of u and 26.
13
Let a be 5/(-15) - 6/9. Let x be (a - 12/(-10)) + 39/(-195). Let q(s) = -s + 25. Let y be q(x). Calculate the greatest common factor of y and 175.
25
Let z be (10 - 0)/(5/5). Let a = -27830 + 27832. Calculate the greatest common factor of a and z.
2
Let c(r) = 5*r**2 - 18*r + 96. Let l be c(13). Suppose 26*i - l + 83 = 0. Calculate the greatest common factor of i and 60.
12
Let h = -31399 - -31531. Calculate the greatest common factor of h and 682.
22
Let n(r) = r**2 + r - 6. Let b be n(3). Suppose -b*a + 3*a = 5*f - 130, 0 = f - a - 34. Calculate the highest common factor of f and 87.
29
Let k = 57 + -122. Let j(q) = -q**2 - 19*q - 5. Let d be j(6). Let c = k - d. What is the greatest common divisor of 18 and c?
18
Let m(n) = 15*n + 838. Let r be m(-40). Calculate the highest common divisor of r and 2482.
34
Suppose -6991 = 3*x - 52480. Calculate the greatest common divisor of x and 59.
59
Let k = 11 - 8. Let s = 8328 + 